{"id":2,"date":"2023-04-26T00:58:59","date_gmt":"2023-04-25T21:58:59","guid":{"rendered":"http:\/\/yilmazmuhendislikdogalgaz.com\/?page_id=2"},"modified":"2023-06-01T13:09:59","modified_gmt":"2023-06-01T10:09:59","slug":"ornek-sayfa","status":"publish","type":"page","link":"https:\/\/yilmazmuhendislikdogalgaz.com\/?page_id=2","title":{"rendered":"Muhammet O\u011fuzhan YILMAZ"},"content":{"rendered":"\n<p class=\"has-text-align-center\"><strong>Muhammet O\u011fuzhan YILMAZ<\/strong><\/p>\n\n\n\n<p>Is\u0131tma, so\u011futma, iklimlendirme, do\u011falgaz tesisat, teknik destek ve sat\u0131\u015f m\u00fchendisli\u011fi konular\u0131nda 5 y\u0131ll\u0131k m\u00fchendislik deneyimim bulunmaktad\u0131r. Mevcut i\u015fim gere\u011fi termodinamik hesaplar, \u0131s\u0131 pompalar\u0131, kaskad sistemler, VRF sistemleri konular\u0131nda uzman\u0131m. Maliyet analizi, projelendirme, m\u00fc\u015fteri ili\u015fkilerinin kurulmas\u0131, karl\u0131l\u0131k hesaplamalar\u0131 do\u011frultusunda teklif haz\u0131rlama ve birebir sunum konular\u0131nda olduk\u00e7a deneyimliyim. 3000+ projenin teknik \u00e7izimleri, uygulamas\u0131 ve devreye al\u0131nmas\u0131nda g\u00f6rev ald\u0131m.Devlet destekli proje yaz\u0131m\u0131, teknik talimat haz\u0131rlama, teknik \u015fartname haz\u0131rlama, g\u00f6rsel-i\u015fitsel sunumlar ve teknik dok\u00fcmantasyon haz\u0131rlama konular\u0131na hakimim. Lisans e\u011fitimim ve ya\u015fant\u0131m boyunca ilgi duydu\u011fum i\u00e7in enerji sekt\u00f6r\u00fc \u00fczerine yo\u011funla\u015ft\u0131m.<\/p>\n\n\n\n<p><strong>E\u011e\u0130T\u0130M B\u0130LG\u0130LER\u0130M<\/strong><\/p>\n\n\n\n<p><strong>F\u0131rat \u00dcniversitesi&nbsp;&nbsp;&nbsp;&nbsp;&nbsp;&nbsp;&nbsp;&nbsp;&nbsp;&nbsp;&nbsp;&nbsp;&nbsp;&nbsp;&nbsp;&nbsp; &nbsp;&nbsp;&nbsp;&nbsp;&nbsp;&nbsp;&nbsp;&nbsp;&nbsp;&nbsp;&nbsp;&nbsp;&nbsp;&nbsp;&nbsp;&nbsp;&nbsp;&nbsp;&nbsp; &nbsp;&nbsp;&nbsp; &nbsp;&nbsp;&nbsp;&nbsp;&nbsp;&nbsp;&nbsp;&nbsp;&nbsp;&nbsp;&nbsp;&nbsp;&nbsp;&nbsp;&nbsp;&nbsp;&nbsp;&nbsp;&nbsp;&nbsp;&nbsp;&nbsp;&nbsp;&nbsp;&nbsp;&nbsp;&nbsp;&nbsp;&nbsp;&nbsp;&nbsp;&nbsp;&nbsp;&nbsp;&nbsp; &nbsp;&nbsp;&nbsp;&nbsp;&nbsp;&nbsp;&nbsp;&nbsp;&nbsp;&nbsp;&nbsp; &nbsp;&nbsp;&nbsp;&nbsp;&nbsp;&nbsp;&nbsp;&nbsp;&nbsp;&nbsp;&nbsp; &nbsp;&nbsp;&nbsp;&nbsp;&nbsp;&nbsp;&nbsp;&nbsp;Mezuniyet \u015eubat 2020<\/strong><\/p>\n\n\n\n<p><em>Lisans (Makine M\u00fchendisli\u011fi)&nbsp;&nbsp;&nbsp;&nbsp;&nbsp;&nbsp;&nbsp;&nbsp;&nbsp;&nbsp;&nbsp;&nbsp;&nbsp;&nbsp;&nbsp;&nbsp; &nbsp;&nbsp; &nbsp;&nbsp;&nbsp;&nbsp;&nbsp;&nbsp;&nbsp;&nbsp;&nbsp;&nbsp;&nbsp;&nbsp;&nbsp;&nbsp;&nbsp;&nbsp;&nbsp;&nbsp;&nbsp;&nbsp;&nbsp;&nbsp;&nbsp;&nbsp;&nbsp;&nbsp;&nbsp;&nbsp;&nbsp;&nbsp;&nbsp;&nbsp; &nbsp;&nbsp;&nbsp;&nbsp;&nbsp;&nbsp;&nbsp;&nbsp;&nbsp;&nbsp;&nbsp; &nbsp;&nbsp;&nbsp;&nbsp;&nbsp;&nbsp;&nbsp;&nbsp;&nbsp;&nbsp;&nbsp;&nbsp;&nbsp;&nbsp;&nbsp;&nbsp;&nbsp;&nbsp;&nbsp;&nbsp;&nbsp;&nbsp;&nbsp;&nbsp;&nbsp;&nbsp;&nbsp;&nbsp;&nbsp;&nbsp;&nbsp;&nbsp;&nbsp;&nbsp; &nbsp;&nbsp;Ayd\u0131n, T\u00fcrkiye<\/em><\/p>\n\n\n\n<ul>\n<li>\u0130\u015f hayat\u0131mda yard\u0131mc\u0131 olmas\u0131 i\u00e7in termodinamik ve enerji konusuna yo\u011funla\u015ft\u0131m.<strong><\/strong><\/li>\n<\/ul>\n\n\n\n<p><strong>K\u0130\u015e\u0130SEL BA\u015eARILARIM<\/strong><\/p>\n\n\n\n<ul>\n<li><em>ISPEC ULUSLARARASI M\u00dcHEND\u0130SL\u0130K VE FEN B\u0130L\u0130MLER KONGRES\u0130<\/em><\/li>\n<\/ul>\n\n\n\n<p>TEK KATMANLI FREN D\u0130SK\u0130 TERMAL PARAMETRELER\u0130N\u0130N D\u0130SK GEOMETR\u0130S\u0130 \u0130LE DE\u011e\u0130\u015e\u0130M\u0130N\u0130N SAYISAL OLARAK \u0130NCELENMES\u0130 (NUMERICAL INVESTIGATION OF SINGLE LAYER BRAKE DISC THERMAL PARAMETERS BY CHANGING THE DISC GEOMETRY)<\/p>\n\n\n\n<p>Projemi s\u00f6zl\u00fc olarak akademik komisyon huzurunda sundum.<\/p>\n\n\n\n<p>Projem, tam metin olarak kongre kitab\u0131nda yay\u0131nlanm\u0131\u015ft\u0131r.(ISBN-978-605-7875-98-3 sayfa 132)<\/p>\n\n\n\n<p><strong>YETENEKLER\u0130M &amp; \u0130LG\u0130 ALANLARIM<\/strong><\/p>\n\n\n\n<ul>\n<li><strong>Yetenekler: <\/strong>Is\u0131tma\/so\u011futma y\u00f6netmeliklerine\/y\u00f6nergelerine uygun tesisat veya alt sistem tasarlayabilme, sorunlar\u0131 \u00e7\u00f6zmek i\u00e7in bilimsel makaleleri ve standartlar\u0131 okuyabilme, MS OFFICE programlar\u0131nda uzman derece yetkinlik ve etkili excel makrolar\u0131 veya PowerPoint sunumlar\u0131 olu\u015fturabilmek. Ayr\u0131ca e\u011fitim ve seminerlerde \u00f6\u011frendiklerimi projelerime uygulayabilme yetene\u011fine sahibim. B tipi ehliyetim mevcuttur.<\/li>\n\n\n\n<li><strong>Bilgisayar &amp; Yaz\u0131l\u0131m Yetkinliklerim:<\/strong> ZetaCAD: Uzman seviye yetkinlik, SolidWorks: Orta seviye yetkinlik, AutoCAD: Uzman seviye yetkinlik, MS OFFICE APPS: \u0130leri seviye yetkinlik<\/li>\n\n\n\n<li><strong>Diller: <\/strong>T\u00fcrk\u00e7e (ana dil), \u0130ngilizce (orta d\u00fczey \u00e7al\u0131\u015fma yetkinli\u011fi)<strong><\/strong><\/li>\n\n\n\n<li><strong>\u0130lgili Alanlar\u0131m:<\/strong> Web tasar\u0131m ve programlama konular\u0131nda al\u0131\u015ft\u0131rmalar yaparak end\u00fcstri 4.0 projeleri i\u00e7in kendime bir temel haz\u0131rlamaktan ho\u015flan\u0131r\u0131m.<\/li>\n<\/ul>\n\n\n\n<p><strong>\u0130\u015e TECR\u00dcBELER\u0130M<\/strong><\/p>\n\n\n\n<ul>\n<li>\n<ul>\n<li><strong>\u00dc\u00c7AY M\u00dcHEND\u0130SL\u0130K\u00a0\u00a0\u00a0\u00a0\u00a0\u00a0\u00a0\u00a0\u00a0\u00a0\u00a0\u00a0\u00a0\u00a0\u00a0\u00a0 \u00a0\u00a0\u00a0\u00a0\u00a0\u00a0\u00a0\u00a0\u00a0\u00a0\u00a0 \u00a0\u00a0\u00a0\u00a0\u00a0\u00a0\u00a0\u00a0\u00a0\u00a0\u00a0 \u00a0\u00a0\u00a0\u00a0\u00a0\u00a0\u00a0\u00a0\u00a0\u00a0\u00a0\u00a0\u00a0\u00a0\u00a0\u00a0\u00a0\u00a0\u00a0\u00a0\u00a0\u00a0\u00a0 \u00a0\u00a0\u00a0\u00a0\u00a0\u00a0 \u00a0\u00a0\u00a0\u00a0 \u00a0\u00a0 2021 \u2013 2023<\/strong><\/li>\n<\/ul>\n<\/li>\n\n\n\n<li><em>Proje Organizasyon <\/em>&amp;<em> B\u00f6lge Sorumlusu\u00a0\u00a0\u00a0\u00a0\u00a0\u00a0\u00a0\u00a0\u00a0\u00a0\u00a0\u00a0\u00a0\u00a0\u00a0\u00a0 \u00a0\u00a0\u00a0\u00a0\u00a0\u00a0\u00a0\u00a0\u00a0\u00a0\u00a0\u00a0\u00a0\u00a0\u00a0\u00a0\u00a0\u00a0\u00a0\u00a0\u00a0\u00a0\u00a0\u00a0\u00a0\u00a0\u00a0\u00a0\u00a0\u00a0\u00a0\u00a0\u00a0\u00a0\u00a0 \u00a0\u00a0\u00a0\u00a0\u00a0\u00a0\u00a0\u00a0\u00a0\u00a0\u00a0 \u00a0\u00a0\u00a0\u00a0\u00a0\u00a0\u00a0\u00a0\u00a0\u00a0\u00a0 \u00a0\u00a0\u00a0\u00a0 \u00a0\u00a0\u00a0\u00a0\u00a0\u00a0 \u00a0\u00a0\u00a0\u00a0\u00a0\u00a0\u00a0\u00a0\u00a0\u00a0\u00a0 \u00a0\u00a0\u00a0\u00a0\u00a0\u00a0\u00a0\u00a0\u00a0\u00a0\u00a0\u00a0\u00a0\u00a0\u00a0\u00a0\u00a0\u00a0\u00a0\u00a0\u00a0\u00a0\u00a0 \u00a0\u00a0Ayd\u0131n, T\u00fcrkiye<\/em><\/li>\n\n\n\n<li>Y\u0131ll\u0131k hedefler do\u011frultusunda projelerin tespit edilmesi, proje tekliflerinin haz\u0131rlanmas\u0131, projelerin teknik \u00e7izim ve hesaplamalar\u0131n\u0131n yap\u0131lmas\u0131, sunulacak teknik \u015fartnamelerin yaz\u0131lmas\u0131, projelerin uygulama s\u00fcrecinin bizzat takibinin yap\u0131lmas\u0131 ana sorumluluk alan\u0131md\u0131r. Bunun yan\u0131 s\u0131ra m\u00fc\u015fteri portf\u00f6y\u00fcn\u00fcn geli\u015ftirilmesi i\u00e7in seyahatler ve organizasyonel \u00e7al\u0131\u015fmalarda bulunmak, piyasa ko\u015fullar\u0131 do\u011frultusunda etkili fiyat tekliflerinin verilmesi i\u00e7in anahtar rol oynamaktay\u0131m. Pozisyonum sebebiyle i\u015f seyahatlerimi ve m\u00fc\u015fteri g\u00f6r\u00fc\u015fmelerini, teknik \u00e7izim ve projelendirme \u00e7al\u0131\u015fmalar\u0131m ile bir arada y\u00fcr\u00fctmekteyim<\/li>\n\n\n\n<li>Y\u0131ll\u0131k hedefler do\u011frultusunda projelerin \u00e7izilmesi, alt sistemlerin tasarlanmas\u0131.<\/li>\n\n\n\n<li>KASKAD, ISI pompas\u0131, VRF, RAYDANT sistemlerinin projelendirmelerinin ger\u00e7ekle\u015ftirilmesi.<\/li>\n\n\n\n<li>Yeni proje olanaklar\u0131n\u0131n ke\u015ffedilmesi, potansiyel m\u00fc\u015fteriler ile g\u00f6r\u00fc\u015f\u00fclmesi<\/li>\n\n\n\n<li>Teknik \u00e7izim g\u00f6revlerinin yan\u0131 s\u0131ra Sat\u0131\u015f M\u00fchendisli\u011fi yaparak sahada ziyaretlerin ger\u00e7ekle\u015ftirilmesi.<\/li>\n\n\n\n<li>Proje s\u00fcre\u00e7lerinin takip edilmesi, gerekli y\u00f6netmelik veya y\u00f6nergelerin takip edildi\u011finin denetlenmesi.<\/li>\n\n\n\n<li>\u0130klimlendirme projelerinde ihtiya\u00e7 duyulan \u0131s\u0131tma so\u011futma ve enerji hesaplamalar\u0131n\u0131n ger\u00e7ekle\u015ftirilmesi ve projelendirilmesi.<\/li>\n\n\n\n<li>Rekabet\u00e7i fiyat avantaj\u0131 sa\u011flayabilecek \u015fekilde proje maliyeti \u00e7al\u0131\u015fmalar\u0131n\u0131n y\u00fcr\u00fct\u00fclmesi.<\/li>\n\n\n\n<li>Proje devreye alma ve gerekti\u011finde teknik destek sa\u011flanmas\u0131.<\/li>\n\n\n\n<li>G\u00f6rsel ve i\u015fitsel sunum veya y\u00f6nergelerin haz\u0131rlanmas\u0131, teknik dok\u00fcmantasyon haz\u0131rlanmas\u0131..<\/li>\n\n\n\n<li>Is\u0131l tasar\u0131m ve ak\u0131\u015f hesaplamalar\u0131 do\u011frultusunda yarat\u0131c\u0131 \u00e7\u00f6z\u00fcmler \u00fcretmek ve geri bildirimlerde bulunmak.<\/li>\n\n\n\n<li>\u015eirketteki ba\u015far\u0131lar\u0131m;<\/li>\n\n\n\n<li>1800\u2019den fazla proje \u00e7iziminin ger\u00e7ekle\u015ftirilmesi.<\/li>\n\n\n\n<li>Haz\u0131rlanan t\u00fcm projelerin ba\u015far\u0131 ile devreye al\u0131nmas\u0131.<\/li>\n\n\n\n<li>Ayd\u0131n ili i\u00e7erisinde 120 den fazla m\u00fc\u015fteri ile bire bir g\u00f6r\u00fc\u015fme, sat\u0131\u015f ger\u00e7ekle\u015ftirme.<\/li>\n\n\n\n<li>A\u011fustos 2020 \u00f6ncesi bir y\u0131ll\u0131k s\u00fcre\u00e7te, Ayd\u0131n \u015fubesinin ba\u015fard\u0131\u011f\u0131 toplam proje adedi ve cironun \u015firkete girdi\u011fim y\u0131l sonuna kadar ge\u00e7ilmi\u015f olmas\u0131.<\/li>\n\n\n\n<li>\u015eubemizde halihaz\u0131rda kullan\u0131lmakta olan detayl\u0131 proje raporlar\u0131n\u0131n ve gerekli \u015fablonlar\u0131n haz\u0131rlanmas\u0131.<\/li>\n\n\n\n<li>M\u00fc\u015fteri portf\u00f6y\u00fc raporlar\u0131n\u0131n haz\u0131rlanarak do\u011fru \u00fcr\u00fcn ve sistemlerin do\u011fru m\u00fc\u015fterilere ula\u015ft\u0131r\u0131lmas\u0131.<\/li>\n\n\n\n<li>\u00d6zellikle iklimlendirme projelerinde \u015fubemizin \u00f6rnek alabilece\u011fi teorik hesaplama \u00e7al\u0131\u015fmalar\u0131n\u0131n \u00e7\u0131kart\u0131lmas\u0131.<\/li>\n\n\n\n<li>\n<ul>\n<li><strong>EMRE ISI DO\u011eALGAZ &amp; M\u00dcHEND\u0130SL\u0130K \u00a0<\/strong>\u00a0<strong>\u00a0\u00a0\u00a0\u00a0\u00a0\u00a0\u00a0\u00a0\u00a0\u00a0\u00a0\u00a0\u00a0\u00a0\u00a0\u00a0\u00a0\u00a0\u00a0\u00a0\u00a0\u00a0\u00a0\u00a0\u00a0\u00a0\u00a0\u00a0\u00a0\u00a0\u00a0\u00a0\u00a0\u00a0\u00a0\u00a0 \u00a02020 \u2013 2021 (1 y\u0131l)<\/strong><\/li>\n<\/ul>\n<\/li>\n\n\n\n<li><em>Proje M\u00fchendisi\u00a0\u00a0\u00a0\u00a0\u00a0\u00a0\u00a0\u00a0\u00a0\u00a0\u00a0\u00a0\u00a0\u00a0\u00a0\u00a0\u00a0\u00a0\u00a0\u00a0\u00a0\u00a0\u00a0\u00a0\u00a0\u00a0\u00a0\u00a0\u00a0\u00a0\u00a0\u00a0\u00a0\u00a0\u00a0\u00a0\u00a0\u00a0\u00a0\u00a0\u00a0\u00a0\u00a0\u00a0\u00a0\u00a0\u00a0\u00a0\u00a0\u00a0\u00a0\u00a0\u00a0\u00a0\u00a0\u00a0\u00a0\u00a0\u00a0\u00a0\u00a0\u00a0\u00a0\u00a0\u00a0\u00a0\u00a0\u00a0\u00a0\u00a0\u00a0\u00a0\u00a0\u00a0\u00a0\u00a0\u00a0\u00a0\u00a0\u00a0\u00a0\u00a0\u00a0\u00a0\u00a0\u00a0\u00a0\u00a0\u00a0\u00a0\u00a0\u00a0\u00a0\u00a0\u00a0\u00a0\u00a0\u00a0\u00a0\u00a0\u00a0\u00a0\u00a0\u00a0\u00a0\u00a0 \u00a0\u00a0\u00a0 \u00a0\u00a0\u00a0\u00a0\u00a0\u00a0\u00a0 \u00a0\u00a0\u00a0\u00a0\u00a0\u00a0\u00a0\u00a0\u00a0\u00a0\u00a0 \u00a0\u00a0Ayd\u0131n, T\u00fcrkiye<\/em><\/li>\n\n\n\n<li>Is\u0131tma, so\u011futma ve iklimlendirme projelerinde g\u00f6rev ald\u0131m.<\/li>\n\n\n\n<li>500+ tamamlanm\u0131\u015f proje ile 2020 Ayd\u0131n ili proje ba\u015far\u0131 oran\u0131 birincili\u011fim bulunmaktad\u0131r.<\/li>\n\n\n\n<li>\n<ul>\n<li><strong>G\u00dcR\u0130\u015e HOLD\u0130NG &amp; MOGAN ENERJ\u0130 YATIRIM HOLD\u0130NG A.\u015e.<\/strong><\/li>\n<\/ul>\n<\/li>\n\n\n\n<li><\/li>\n\n\n\n<li><strong>G\u00dcRMAT ELEK. \u00dcR. A.\u015e. JEOTERMAL SANTR.\u00a0\u00a0\u00a0\u00a0\u00a0\u00a0\u00a0\u00a0\u00a0\u00a0\u00a0\u00a0\u00a0\u00a0\u00a0\u00a0\u00a0\u00a0\u00a0\u00a0\u00a0\u00a0\u00a0\u00a0\u00a0\u00a0\u00a0\u00a0\u00a0 \u00a0\u00a0\u00a0\u00a0\u00a0\u00a0\u00a0\u00a0\u00a0 2019 \u2013 2020<\/strong><\/li>\n\n\n\n<li><em>Stajyer M\u00fchendis \u00a0\u00a0\u00a0\u00a0\u00a0\u00a0\u00a0\u00a0\u00a0\u00a0\u00a0\u00a0\u00a0\u00a0\u00a0\u00a0\u00a0\u00a0\u00a0\u00a0\u00a0\u00a0\u00a0\u00a0\u00a0\u00a0\u00a0\u00a0\u00a0\u00a0\u00a0\u00a0\u00a0\u00a0\u00a0\u00a0\u00a0\u00a0\u00a0\u00a0\u00a0\u00a0\u00a0\u00a0\u00a0\u00a0\u00a0\u00a0\u00a0\u00a0\u00a0\u00a0\u00a0\u00a0\u00a0\u00a0\u00a0\u00a0\u00a0\u00a0\u00a0\u00a0\u00a0\u00a0\u00a0\u00a0\u00a0\u00a0\u00a0\u00a0\u00a0\u00a0\u00a0\u00a0\u00a0\u00a0\u00a0\u00a0\u00a0\u00a0\u00a0\u00a0\u00a0\u00a0\u00a0\u00a0\u00a0\u00a0\u00a0\u00a0\u00a0\u00a0\u00a0\u00a0\u00a0\u00a0\u00a0\u00a0\u00a0\u00a0\u00a0\u00a0\u00a0\u00a0\u00a0\u00a0\u00a0\u00a0\u00a0\u00a0\u00a0\u00a0\u00a0\u00a0\u00a0\u00a0\u00a0 \u00a0\u00a0\u00a0 \u00a0\u00a0\u00a0\u00a0\u00a0\u00a0\u00a0 \u00a0\u00a0Ayd\u0131n, T\u00fcrkiye<\/em><\/li>\n\n\n\n<li>Bak\u0131m departman\u0131nda a\u015fa\u011f\u0131daki sorumluluklar\u0131 ald\u0131m;<\/li>\n\n\n\n<li>Double Flash ve Binary Santrallerinin e\u011fitimini ald\u0131m.<\/li>\n\n\n\n<li>\u00c7al\u0131\u015ft\u0131\u011f\u0131m 5 ayl\u0131k s\u00fcre i\u00e7erisinde 7 farkl\u0131 santralde \u00e7al\u0131\u015fmalar y\u00fcr\u00fct\u00fclmesi.<\/li>\n\n\n\n<li>4 y\u0131lda bir ger\u00e7ekle\u015fen Double Flash Jeotermal Santralinin Major Bak\u0131m\u0131n\u0131 boyunca g\u00f6rev al\u0131nmas\u0131.<\/li>\n\n\n\n<li>Major bak\u0131m boyunca \u00e7al\u0131\u015f\u0131lan \u015firketlerin g\u00fcnl\u00fck istatiksel raporlar\u0131n\u0131n tutulmas\u0131.<\/li>\n\n\n\n<li>T\u00fcrbin \u00e7al\u0131\u015fma prensiplerinin birebir g\u00f6zlemlenmesi.<\/li>\n<\/ul>\n","protected":false},"excerpt":{"rendered":"<p>Muhammet O\u011fuzhan YILMAZ Is\u0131tma, so\u011futma, iklimlendirme, do\u011falgaz tesisat, teknik destek ve sat\u0131\u015f m\u00fchendisli\u011fi konular\u0131nda 5 y\u0131ll\u0131k m\u00fchendislik deneyimim bulunmaktad\u0131r. Mevcut i\u015fim gere\u011fi termodinamik hesaplar, \u0131s\u0131 &hellip;<\/p>\n","protected":false},"author":1,"featured_media":0,"parent":0,"menu_order":0,"comment_status":"closed","ping_status":"open","template":"","meta":[],"_links":{"self":[{"href":"https:\/\/yilmazmuhendislikdogalgaz.com\/index.php?rest_route=\/wp\/v2\/pages\/2"}],"collection":[{"href":"https:\/\/yilmazmuhendislikdogalgaz.com\/index.php?rest_route=\/wp\/v2\/pages"}],"about":[{"href":"https:\/\/yilmazmuhendislikdogalgaz.com\/index.php?rest_route=\/wp\/v2\/types\/page"}],"author":[{"embeddable":true,"href":"https:\/\/yilmazmuhendislikdogalgaz.com\/index.php?rest_route=\/wp\/v2\/users\/1"}],"replies":[{"embeddable":true,"href":"https:\/\/yilmazmuhendislikdogalgaz.com\/index.php?rest_route=%2Fwp%2Fv2%2Fcomments&post=2"}],"version-history":[{"count":4,"href":"https:\/\/yilmazmuhendislikdogalgaz.com\/index.php?rest_route=\/wp\/v2\/pages\/2\/revisions"}],"predecessor-version":[{"id":37,"href":"https:\/\/yilmazmuhendislikdogalgaz.com\/index.php?rest_route=\/wp\/v2\/pages\/2\/revisions\/37"}],"wp:attachment":[{"href":"https:\/\/yilmazmuhendislikdogalgaz.com\/index.php?rest_route=%2Fwp%2Fv2%2Fmedia&parent=2"}],"curies":[{"name":"wp","href":"https:\/\/api.w.org\/{rel}","templated":true}]}}